{"id":864,"date":"2022-05-19T11:46:31","date_gmt":"2022-05-19T15:46:31","guid":{"rendered":"https:\/\/togetherottawaensemble.ca\/?post_type=tribe_events&#038;p=864"},"modified":"2022-06-09T13:55:28","modified_gmt":"2022-06-09T17:55:28","slug":"fontaine-de-reflections","status":"publish","type":"tribe_events","link":"https:\/\/togetherottawaensemble.ca\/fr\/event\/fontaine-de-reflections\/","title":{"rendered":"Fontaine de r\u00e9flections"},"content":{"rendered":"<p>Le d\u00e9voilement de la Fontaine de r\u00e9flections. La communaut\u00e9 est invit\u00e9e \u00e0 \u00e9crire\/dessiner tout type de r\u00e9flection personnelle sur une pierre\/roche, qui sera plac\u00e9e \u00e0 la base de la fontaine. Des pierres\/roches seront fournies \u00e0 tous les participants le jour de l&rsquo;inauguration.<\/p>\n<p>Pour plus d&rsquo;information, contactez <span style=\"text-decoration: underline;\"><a href=\"mailto:service@tubmanfuneralhomes.com\">service@tubmanfuneralhomes.com<\/a><\/span> ou appelez le (613) 722-6559.<\/p>\n","protected":false},"excerpt":{"rendered":"<p>Le d\u00e9voilement de la Fontaine de r\u00e9flections. La communaut\u00e9 est [&hellip;]<\/p>\n","protected":false},"author":4,"featured_media":853,"template":"","meta":{"_tribe_events_status":"","_tribe_events_status_reason":"","footnotes":""},"tags":[],"tribe_events_cat":[70,78,66,73,72,76,67,34,68,79,77,80,36,69],"class_list":["post-864","tribe_events","type-tribe_events","status-publish","has-post-thumbnail","hentry","tribe_events_cat-adapte-aux-enfants","tribe_events_cat-aines","tribe_events_cat-anglais","tribe_events_cat-arts-2","tribe_events_cat-en-plein-air","tribe_events_cat-environnement","tribe_events_cat-francais","tribe_events_cat-free-fr","tribe_events_cat-gratuit","tribe_events_cat-jeunes","tribe_events_cat-lgbt2sq-2","tribe_events_cat-musique-et-son","tribe_events_cat-open-to-public-fr","tribe_events_cat-ouvert-au-public","cat_adapte-aux-enfants","cat_aines","cat_anglais","cat_arts-2","cat_en-plein-air","cat_environnement","cat_francais","cat_free-fr","cat_gratuit","cat_jeunes","cat_lgbt2sq-2","cat_musique-et-son","cat_open-to-public-fr","cat_ouvert-au-public"],"acf":[],"yoast_head":"<!-- This site is optimized with the Yoast SEO plugin v27.5 - https:\/\/yoast.com\/product\/yoast-seo-wordpress\/ -->\n<title>Fontaine de r\u00e9flections - Together Ottawa Ensemble<\/title>\n<meta name=\"robots\" content=\"index, follow, max-snippet:-1, max-image-preview:large, max-video-preview:-1\" \/>\n<link rel=\"canonical\" href=\"https:\/\/togetherottawaensemble.ca\/fr\/event\/fontaine-de-reflections\/\" \/>\n<meta property=\"og:locale\" content=\"fr_FR\" \/>\n<meta property=\"og:type\" content=\"article\" \/>\n<meta property=\"og:title\" content=\"Fontaine de r\u00e9flections - Together Ottawa Ensemble\" \/>\n<meta property=\"og:description\" content=\"Le d\u00e9voilement de la Fontaine de r\u00e9flections. La communaut\u00e9 est [&hellip;]\" \/>\n<meta property=\"og:url\" content=\"https:\/\/togetherottawaensemble.ca\/fr\/event\/fontaine-de-reflections\/\" \/>\n<meta property=\"og:site_name\" content=\"Together Ottawa Ensemble\" \/>\n<meta property=\"article:publisher\" content=\"https:\/\/www.facebook.com\/Togetherottawaensemble-106424122008194\" \/>\n<meta property=\"article:modified_time\" content=\"2022-06-09T17:55:28+00:00\" \/>\n<meta property=\"og:image\" content=\"https:\/\/togetherottawaensemble.ca\/wp-content\/uploads\/2022\/05\/Tubman-Event-Copy-e1652974683938.jpg\" \/>\n\t<meta property=\"og:image:width\" content=\"1000\" \/>\n\t<meta property=\"og:image:height\" content=\"1333\" \/>\n\t<meta property=\"og:image:type\" content=\"image\/jpeg\" \/>\n<meta name=\"twitter:card\" content=\"summary_large_image\" \/>\n<meta name=\"twitter:site\" content=\"@OttawaEnsemble\" \/>\n<meta name=\"twitter:label1\" content=\"Dur\u00e9e de lecture estim\u00e9e\" \/>\n\t<meta name=\"twitter:data1\" content=\"1 minute\" \/>\n<script type=\"application\/ld+json\" class=\"yoast-schema-graph\">{\"@context\":\"https:\\\/\\\/schema.org\",\"@graph\":[{\"@type\":\"WebPage\",\"@id\":\"https:\\\/\\\/togetherottawaensemble.ca\\\/fr\\\/event\\\/fontaine-de-reflections\\\/\",\"url\":\"https:\\\/\\\/togetherottawaensemble.ca\\\/fr\\\/event\\\/fontaine-de-reflections\\\/\",\"name\":\"Fontaine de r\u00e9flections - Together Ottawa Ensemble\",\"isPartOf\":{\"@id\":\"https:\\\/\\\/togetherottawaensemble.ca\\\/fr\\\/#website\"},\"primaryImageOfPage\":{\"@id\":\"https:\\\/\\\/togetherottawaensemble.ca\\\/fr\\\/event\\\/fontaine-de-reflections\\\/#primaryimage\"},\"image\":{\"@id\":\"https:\\\/\\\/togetherottawaensemble.ca\\\/fr\\\/event\\\/fontaine-de-reflections\\\/#primaryimage\"},\"thumbnailUrl\":\"https:\\\/\\\/togetherottawaensemble.ca\\\/wp-content\\\/uploads\\\/2022\\\/05\\\/Tubman-Event-Copy-e1652974683938.jpg\",\"datePublished\":\"2022-05-19T15:46:31+00:00\",\"dateModified\":\"2022-06-09T17:55:28+00:00\",\"breadcrumb\":{\"@id\":\"https:\\\/\\\/togetherottawaensemble.ca\\\/fr\\\/event\\\/fontaine-de-reflections\\\/#breadcrumb\"},\"inLanguage\":\"fr-FR\",\"potentialAction\":[{\"@type\":\"ReadAction\",\"target\":[\"https:\\\/\\\/togetherottawaensemble.ca\\\/fr\\\/event\\\/fontaine-de-reflections\\\/\"]}]},{\"@type\":\"ImageObject\",\"inLanguage\":\"fr-FR\",\"@id\":\"https:\\\/\\\/togetherottawaensemble.ca\\\/fr\\\/event\\\/fontaine-de-reflections\\\/#primaryimage\",\"url\":\"https:\\\/\\\/togetherottawaensemble.ca\\\/wp-content\\\/uploads\\\/2022\\\/05\\\/Tubman-Event-Copy-e1652974683938.jpg\",\"contentUrl\":\"https:\\\/\\\/togetherottawaensemble.ca\\\/wp-content\\\/uploads\\\/2022\\\/05\\\/Tubman-Event-Copy-e1652974683938.jpg\",\"width\":1000,\"height\":1333},{\"@type\":\"BreadcrumbList\",\"@id\":\"https:\\\/\\\/togetherottawaensemble.ca\\\/fr\\\/event\\\/fontaine-de-reflections\\\/#breadcrumb\",\"itemListElement\":[{\"@type\":\"ListItem\",\"position\":1,\"name\":\"Home\",\"item\":\"https:\\\/\\\/togetherottawaensemble.ca\\\/fr\\\/\"},{\"@type\":\"ListItem\",\"position\":2,\"name\":\"\u00c9v\u00e8nements\",\"item\":\"https:\\\/\\\/togetherottawaensemble.ca\\\/fr\\\/evenements\\\/\"},{\"@type\":\"ListItem\",\"position\":3,\"name\":\"Fontaine de r\u00e9flections\"}]},{\"@type\":\"WebSite\",\"@id\":\"https:\\\/\\\/togetherottawaensemble.ca\\\/fr\\\/#website\",\"url\":\"https:\\\/\\\/togetherottawaensemble.ca\\\/fr\\\/\",\"name\":\"Together Ottawa Ensemble\",\"description\":\"R\u00e9tablir nos liens communautaires\",\"publisher\":{\"@id\":\"https:\\\/\\\/togetherottawaensemble.ca\\\/fr\\\/#organization\"},\"potentialAction\":[{\"@type\":\"SearchAction\",\"target\":{\"@type\":\"EntryPoint\",\"urlTemplate\":\"https:\\\/\\\/togetherottawaensemble.ca\\\/fr\\\/?s={search_term_string}\"},\"query-input\":{\"@type\":\"PropertyValueSpecification\",\"valueRequired\":true,\"valueName\":\"search_term_string\"}}],\"inLanguage\":\"fr-FR\"},{\"@type\":\"Organization\",\"@id\":\"https:\\\/\\\/togetherottawaensemble.ca\\\/fr\\\/#organization\",\"name\":\"Together Ottawa Ensemble\",\"url\":\"https:\\\/\\\/togetherottawaensemble.ca\\\/fr\\\/\",\"logo\":{\"@type\":\"ImageObject\",\"inLanguage\":\"fr-FR\",\"@id\":\"https:\\\/\\\/togetherottawaensemble.ca\\\/fr\\\/#\\\/schema\\\/logo\\\/image\\\/\",\"url\":\"https:\\\/\\\/togetherottawaensemble.ca\\\/wp-content\\\/uploads\\\/2022\\\/04\\\/Logo_TogetherOttawaEnsemble_RGB.jpg\",\"contentUrl\":\"https:\\\/\\\/togetherottawaensemble.ca\\\/wp-content\\\/uploads\\\/2022\\\/04\\\/Logo_TogetherOttawaEnsemble_RGB.jpg\",\"width\":400,\"height\":200,\"caption\":\"Together Ottawa Ensemble\"},\"image\":{\"@id\":\"https:\\\/\\\/togetherottawaensemble.ca\\\/fr\\\/#\\\/schema\\\/logo\\\/image\\\/\"},\"sameAs\":[\"https:\\\/\\\/www.facebook.com\\\/Togetherottawaensemble-106424122008194\",\"https:\\\/\\\/x.com\\\/OttawaEnsemble\",\"https:\\\/\\\/www.instagram.com\\\/togetherottawaensemble\\\/\"]}]}<\/script>\n<!-- \/ Yoast SEO plugin. -->","yoast_head_json":{"title":"Fontaine de r\u00e9flections - Together Ottawa Ensemble","robots":{"index":"index","follow":"follow","max-snippet":"max-snippet:-1","max-image-preview":"max-image-preview:large","max-video-preview":"max-video-preview:-1"},"canonical":"https:\/\/togetherottawaensemble.ca\/fr\/event\/fontaine-de-reflections\/","og_locale":"fr_FR","og_type":"article","og_title":"Fontaine de r\u00e9flections - Together Ottawa Ensemble","og_description":"Le d\u00e9voilement de la Fontaine de r\u00e9flections. La communaut\u00e9 est [&hellip;]","og_url":"https:\/\/togetherottawaensemble.ca\/fr\/event\/fontaine-de-reflections\/","og_site_name":"Together Ottawa Ensemble","article_publisher":"https:\/\/www.facebook.com\/Togetherottawaensemble-106424122008194","article_modified_time":"2022-06-09T17:55:28+00:00","og_image":[{"width":1000,"height":1333,"url":"https:\/\/togetherottawaensemble.ca\/wp-content\/uploads\/2022\/05\/Tubman-Event-Copy-e1652974683938.jpg","type":"image\/jpeg"}],"twitter_card":"summary_large_image","twitter_site":"@OttawaEnsemble","twitter_misc":{"Dur\u00e9e de lecture estim\u00e9e":"1 minute"},"schema":{"@context":"https:\/\/schema.org","@graph":[{"@type":"WebPage","@id":"https:\/\/togetherottawaensemble.ca\/fr\/event\/fontaine-de-reflections\/","url":"https:\/\/togetherottawaensemble.ca\/fr\/event\/fontaine-de-reflections\/","name":"Fontaine de r\u00e9flections - Together Ottawa Ensemble","isPartOf":{"@id":"https:\/\/togetherottawaensemble.ca\/fr\/#website"},"primaryImageOfPage":{"@id":"https:\/\/togetherottawaensemble.ca\/fr\/event\/fontaine-de-reflections\/#primaryimage"},"image":{"@id":"https:\/\/togetherottawaensemble.ca\/fr\/event\/fontaine-de-reflections\/#primaryimage"},"thumbnailUrl":"https:\/\/togetherottawaensemble.ca\/wp-content\/uploads\/2022\/05\/Tubman-Event-Copy-e1652974683938.jpg","datePublished":"2022-05-19T15:46:31+00:00","dateModified":"2022-06-09T17:55:28+00:00","breadcrumb":{"@id":"https:\/\/togetherottawaensemble.ca\/fr\/event\/fontaine-de-reflections\/#breadcrumb"},"inLanguage":"fr-FR","potentialAction":[{"@type":"ReadAction","target":["https:\/\/togetherottawaensemble.ca\/fr\/event\/fontaine-de-reflections\/"]}]},{"@type":"ImageObject","inLanguage":"fr-FR","@id":"https:\/\/togetherottawaensemble.ca\/fr\/event\/fontaine-de-reflections\/#primaryimage","url":"https:\/\/togetherottawaensemble.ca\/wp-content\/uploads\/2022\/05\/Tubman-Event-Copy-e1652974683938.jpg","contentUrl":"https:\/\/togetherottawaensemble.ca\/wp-content\/uploads\/2022\/05\/Tubman-Event-Copy-e1652974683938.jpg","width":1000,"height":1333},{"@type":"BreadcrumbList","@id":"https:\/\/togetherottawaensemble.ca\/fr\/event\/fontaine-de-reflections\/#breadcrumb","itemListElement":[{"@type":"ListItem","position":1,"name":"Home","item":"https:\/\/togetherottawaensemble.ca\/fr\/"},{"@type":"ListItem","position":2,"name":"\u00c9v\u00e8nements","item":"https:\/\/togetherottawaensemble.ca\/fr\/evenements\/"},{"@type":"ListItem","position":3,"name":"Fontaine de r\u00e9flections"}]},{"@type":"WebSite","@id":"https:\/\/togetherottawaensemble.ca\/fr\/#website","url":"https:\/\/togetherottawaensemble.ca\/fr\/","name":"Together Ottawa Ensemble","description":"R\u00e9tablir nos liens communautaires","publisher":{"@id":"https:\/\/togetherottawaensemble.ca\/fr\/#organization"},"potentialAction":[{"@type":"SearchAction","target":{"@type":"EntryPoint","urlTemplate":"https:\/\/togetherottawaensemble.ca\/fr\/?s={search_term_string}"},"query-input":{"@type":"PropertyValueSpecification","valueRequired":true,"valueName":"search_term_string"}}],"inLanguage":"fr-FR"},{"@type":"Organization","@id":"https:\/\/togetherottawaensemble.ca\/fr\/#organization","name":"Together Ottawa Ensemble","url":"https:\/\/togetherottawaensemble.ca\/fr\/","logo":{"@type":"ImageObject","inLanguage":"fr-FR","@id":"https:\/\/togetherottawaensemble.ca\/fr\/#\/schema\/logo\/image\/","url":"https:\/\/togetherottawaensemble.ca\/wp-content\/uploads\/2022\/04\/Logo_TogetherOttawaEnsemble_RGB.jpg","contentUrl":"https:\/\/togetherottawaensemble.ca\/wp-content\/uploads\/2022\/04\/Logo_TogetherOttawaEnsemble_RGB.jpg","width":400,"height":200,"caption":"Together Ottawa Ensemble"},"image":{"@id":"https:\/\/togetherottawaensemble.ca\/fr\/#\/schema\/logo\/image\/"},"sameAs":["https:\/\/www.facebook.com\/Togetherottawaensemble-106424122008194","https:\/\/x.com\/OttawaEnsemble","https:\/\/www.instagram.com\/togetherottawaensemble\/"]}]}},"_links":{"self":[{"href":"https:\/\/togetherottawaensemble.ca\/fr\/wp-json\/wp\/v2\/tribe_events\/864","targetHints":{"allow":["GET"]}}],"collection":[{"href":"https:\/\/togetherottawaensemble.ca\/fr\/wp-json\/wp\/v2\/tribe_events"}],"about":[{"href":"https:\/\/togetherottawaensemble.ca\/fr\/wp-json\/wp\/v2\/types\/tribe_events"}],"author":[{"embeddable":true,"href":"https:\/\/togetherottawaensemble.ca\/fr\/wp-json\/wp\/v2\/users\/4"}],"version-history":[{"count":6,"href":"https:\/\/togetherottawaensemble.ca\/fr\/wp-json\/wp\/v2\/tribe_events\/864\/revisions"}],"predecessor-version":[{"id":1064,"href":"https:\/\/togetherottawaensemble.ca\/fr\/wp-json\/wp\/v2\/tribe_events\/864\/revisions\/1064"}],"wp:featuredmedia":[{"embeddable":true,"href":"https:\/\/togetherottawaensemble.ca\/fr\/wp-json\/wp\/v2\/media\/853"}],"wp:attachment":[{"href":"https:\/\/togetherottawaensemble.ca\/fr\/wp-json\/wp\/v2\/media?parent=864"}],"wp:term":[{"taxonomy":"post_tag","embeddable":true,"href":"https:\/\/togetherottawaensemble.ca\/fr\/wp-json\/wp\/v2\/tags?post=864"},{"taxonomy":"tribe_events_cat","embeddable":true,"href":"https:\/\/togetherottawaensemble.ca\/fr\/wp-json\/wp\/v2\/tribe_events_cat?post=864"}],"curies":[{"name":"wp","href":"https:\/\/api.w.org\/{rel}","templated":true}]}}

Fontaine de réflections

<p>Le dévoilement de la Fontaine de réflections. La communauté est invitée à écrire/dessiner tout type de réflection personnelle sur une pierre/roche, qui sera placée à la base de la fontaine. Des pierres/roches seront fournies à tous les participants le jour de l&rsquo;inauguration.</p>
<p>Pour plus d&rsquo;information, contactez <span style="text-decoration: underline;"><a href="mailto:service@tubmanfuneralhomes.com">service@tubmanfuneralhomes.com</a></span> ou appelez le (613) 722-6559.</p>

<p>Le dévoilement de la Fontaine de réflections. La communauté est [&hellip;]</p>

<!-- This site is optimized with the Yoast SEO plugin v27.5 - https://yoast.com/product/yoast-seo-wordpress/ -->
<title>Fontaine de réflections - Together Ottawa Ensemble</title>
<meta name="robots" content="index, follow, max-snippet:-1, max-image-preview:large, max-video-preview:-1" />
<link rel="canonical" href="https://togetherottawaensemble.ca/fr/event/fontaine-de-reflections/" />
<meta property="og:locale" content="fr_FR" />
<meta property="og:type" content="article" />
<meta property="og:title" content="Fontaine de réflections - Together Ottawa Ensemble" />
<meta property="og:description" content="Le dévoilement de la Fontaine de réflections. La communauté est [&hellip;]" />
<meta property="og:url" content="https://togetherottawaensemble.ca/fr/event/fontaine-de-reflections/" />
<meta property="og:site_name" content="Together Ottawa Ensemble" />
<meta property="article:publisher" content="https://www.facebook.com/Togetherottawaensemble-106424122008194" />
<meta property="article:modified_time" content="2022-06-09T17:55:28+00:00" />
<meta property="og:image" content="https://togetherottawaensemble.ca/wp-content/uploads/2022/05/Tubman-Event-Copy-e1652974683938.jpg" />
	<meta property="og:image:width" content="1000" />
	<meta property="og:image:height" content="1333" />
	<meta property="og:image:type" content="image/jpeg" />
<meta name="twitter:card" content="summary_large_image" />
<meta name="twitter:site" content="@OttawaEnsemble" />
<meta name="twitter:label1" content="Durée de lecture estimée" />
	<meta name="twitter:data1" content="1 minute" />
<script type="application/ld+json" class="yoast-schema-graph">{"@context":"https:\/\/schema.org","@graph":[{"@type":"WebPage","@id":"https:\/\/togetherottawaensemble.ca\/fr\/event\/fontaine-de-reflections\/","url":"https:\/\/togetherottawaensemble.ca\/fr\/event\/fontaine-de-reflections\/","name":"Fontaine de réflections - Together Ottawa Ensemble","isPartOf":{"@id":"https:\/\/togetherottawaensemble.ca\/fr\/#website"},"primaryImageOfPage":{"@id":"https:\/\/togetherottawaensemble.ca\/fr\/event\/fontaine-de-reflections\/#primaryimage"},"image":{"@id":"https:\/\/togetherottawaensemble.ca\/fr\/event\/fontaine-de-reflections\/#primaryimage"},"thumbnailUrl":"https:\/\/togetherottawaensemble.ca\/wp-content\/uploads\/2022\/05\/Tubman-Event-Copy-e1652974683938.jpg","datePublished":"2022-05-19T15:46:31+00:00","dateModified":"2022-06-09T17:55:28+00:00","breadcrumb":{"@id":"https:\/\/togetherottawaensemble.ca\/fr\/event\/fontaine-de-reflections\/#breadcrumb"},"inLanguage":"fr-FR","potentialAction":[{"@type":"ReadAction","target":["https:\/\/togetherottawaensemble.ca\/fr\/event\/fontaine-de-reflections\/"]}]},{"@type":"ImageObject","inLanguage":"fr-FR","@id":"https:\/\/togetherottawaensemble.ca\/fr\/event\/fontaine-de-reflections\/#primaryimage","url":"https:\/\/togetherottawaensemble.ca\/wp-content\/uploads\/2022\/05\/Tubman-Event-Copy-e1652974683938.jpg","contentUrl":"https:\/\/togetherottawaensemble.ca\/wp-content\/uploads\/2022\/05\/Tubman-Event-Copy-e1652974683938.jpg","width":1000,"height":1333},{"@type":"BreadcrumbList","@id":"https:\/\/togetherottawaensemble.ca\/fr\/event\/fontaine-de-reflections\/#breadcrumb","itemListElement":[{"@type":"ListItem","position":1,"name":"Home","item":"https:\/\/togetherottawaensemble.ca\/fr\/"},{"@type":"ListItem","position":2,"name":"Évènements","item":"https:\/\/togetherottawaensemble.ca\/fr\/evenements\/"},{"@type":"ListItem","position":3,"name":"Fontaine de réflections"}]},{"@type":"WebSite","@id":"https:\/\/togetherottawaensemble.ca\/fr\/#website","url":"https:\/\/togetherottawaensemble.ca\/fr\/","name":"Together Ottawa Ensemble","description":"Rétablir nos liens communautaires","publisher":{"@id":"https:\/\/togetherottawaensemble.ca\/fr\/#organization"},"potentialAction":[{"@type":"SearchAction","target":{"@type":"EntryPoint","urlTemplate":"https:\/\/togetherottawaensemble.ca\/fr\/?s={search_term_string}"},"query-input":{"@type":"PropertyValueSpecification","valueRequired":true,"valueName":"search_term_string"}}],"inLanguage":"fr-FR"},{"@type":"Organization","@id":"https:\/\/togetherottawaensemble.ca\/fr\/#organization","name":"Together Ottawa Ensemble","url":"https:\/\/togetherottawaensemble.ca\/fr\/","logo":{"@type":"ImageObject","inLanguage":"fr-FR","@id":"https:\/\/togetherottawaensemble.ca\/fr\/#\/schema\/logo\/image\/","url":"https:\/\/togetherottawaensemble.ca\/wp-content\/uploads\/2022\/04\/Logo_TogetherOttawaEnsemble_RGB.jpg","contentUrl":"https:\/\/togetherottawaensemble.ca\/wp-content\/uploads\/2022\/04\/Logo_TogetherOttawaEnsemble_RGB.jpg","width":400,"height":200,"caption":"Together Ottawa Ensemble"},"image":{"@id":"https:\/\/togetherottawaensemble.ca\/fr\/#\/schema\/logo\/image\/"},"sameAs":["https:\/\/www.facebook.com\/Togetherottawaensemble-106424122008194","https:\/\/x.com\/OttawaEnsemble","https:\/\/www.instagram.com\/togetherottawaensemble\/"]}]}</script>
<!-- / Yoast SEO plugin. -->

Fontaine de réflections - Together Ottawa Ensemble

Le dévoilement de la Fontaine de réflections. La communauté est [&hellip;]

Évènements

Rétablir nos liens communautaires
