{"id":961,"date":"2022-05-27T16:48:44","date_gmt":"2022-05-27T20:48:44","guid":{"rendered":"https:\/\/togetherottawaensemble.ca\/?post_type=tribe_events&#038;p=961"},"modified":"2022-05-27T16:48:44","modified_gmt":"2022-05-27T20:48:44","slug":"lancement-de-together-ottawa-ensemble","status":"publish","type":"tribe_events","link":"https:\/\/togetherottawaensemble.ca\/fr\/event\/lancement-de-together-ottawa-ensemble\/","title":{"rendered":"Lancement de Together Ottawa Ensemble"},"content":{"rendered":"<p>Joignez-vous \u00e0 nous pour l&rsquo;\u00e9v\u00e9nement de lancement officiel de Together Ottawa Ensemble !<\/p>\n<p>Tous les membres de la communaut\u00e9 sont invit\u00e9s \u00e0 se joindre \u00e0 nous lors de cet \u00e9v\u00e9nement gratuit et bilingue pour partager un moment de silence \u00e0 la m\u00e9moire de ceux que nous avons perdus, \u00e9couter les histoires personnelles de travailleurs de premi\u00e8re ligne et d&rsquo;autres personnes profond\u00e9ment touch\u00e9es par la pand\u00e9mie, \u00e9couter de la musique en direct et d\u00e9guster des plats fournis par Moo Shu Ice Cream et Chef Ric. Une c\u00e9r\u00e9monie d&rsquo;accueil par un a\u00een\u00e9 autochtone sera \u00e9galement organis\u00e9e, ainsi que des allocutions du maire Watson et du Dr Vera Etches.<\/p>\n<p>Nous esp\u00e9rons vous voir \u00e0 la salle Jean Pigott de l&rsquo;h\u00f4tel de ville d&rsquo;Ottawa le 11 juin !<\/p>\n","protected":false},"excerpt":{"rendered":"<p>Joignez-vous \u00e0 nous pour l&rsquo;\u00e9v\u00e9nement de lancement officiel de Together [&hellip;]<\/p>\n","protected":false},"author":4,"featured_media":732,"template":"","meta":{"_tribe_events_status":"","_tribe_events_status_reason":"","footnotes":""},"tags":[],"tribe_events_cat":[71,70,83,66,67,68,80,23,69],"class_list":["post-961","tribe_events","type-tribe_events","status-publish","has-post-thumbnail","hentry","tribe_events_cat-a-linterieur","tribe_events_cat-adapte-aux-enfants","tribe_events_cat-alimentation","tribe_events_cat-anglais","tribe_events_cat-francais","tribe_events_cat-gratuit","tribe_events_cat-musique-et-son","tribe_events_cat-open-to-public","tribe_events_cat-ouvert-au-public","cat_a-linterieur","cat_adapte-aux-enfants","cat_alimentation","cat_anglais","cat_francais","cat_gratuit","cat_musique-et-son","cat_open-to-public","cat_ouvert-au-public"],"acf":[],"yoast_head":"<!-- This site is optimized with the Yoast SEO plugin v27.5 - https:\/\/yoast.com\/product\/yoast-seo-wordpress\/ -->\n<title>Lancement de Together Ottawa Ensemble - Together Ottawa Ensemble<\/title>\n<meta name=\"robots\" content=\"index, follow, max-snippet:-1, max-image-preview:large, max-video-preview:-1\" \/>\n<link rel=\"canonical\" href=\"https:\/\/togetherottawaensemble.ca\/fr\/event\/lancement-de-together-ottawa-ensemble\/\" \/>\n<meta property=\"og:locale\" content=\"fr_FR\" \/>\n<meta property=\"og:type\" content=\"article\" \/>\n<meta property=\"og:title\" content=\"Lancement de Together Ottawa Ensemble - Together Ottawa Ensemble\" \/>\n<meta property=\"og:description\" content=\"Joignez-vous \u00e0 nous pour l&rsquo;\u00e9v\u00e9nement de lancement officiel de Together [&hellip;]\" \/>\n<meta property=\"og:url\" content=\"https:\/\/togetherottawaensemble.ca\/fr\/event\/lancement-de-together-ottawa-ensemble\/\" \/>\n<meta property=\"og:site_name\" content=\"Together Ottawa Ensemble\" \/>\n<meta property=\"article:publisher\" content=\"https:\/\/www.facebook.com\/Togetherottawaensemble-106424122008194\" \/>\n<meta property=\"og:image\" content=\"https:\/\/togetherottawaensemble.ca\/wp-content\/uploads\/2022\/05\/Logo_TogetherOttawaEnsemble_RGB.jpg\" \/>\n\t<meta property=\"og:image:width\" content=\"400\" \/>\n\t<meta property=\"og:image:height\" content=\"200\" \/>\n\t<meta property=\"og:image:type\" content=\"image\/jpeg\" \/>\n<meta name=\"twitter:card\" content=\"summary_large_image\" \/>\n<meta name=\"twitter:site\" content=\"@OttawaEnsemble\" \/>\n<meta name=\"twitter:label1\" content=\"Dur\u00e9e de lecture estim\u00e9e\" \/>\n\t<meta name=\"twitter:data1\" content=\"1 minute\" \/>\n<script type=\"application\/ld+json\" class=\"yoast-schema-graph\">{\"@context\":\"https:\\\/\\\/schema.org\",\"@graph\":[{\"@type\":\"WebPage\",\"@id\":\"https:\\\/\\\/togetherottawaensemble.ca\\\/fr\\\/event\\\/lancement-de-together-ottawa-ensemble\\\/\",\"url\":\"https:\\\/\\\/togetherottawaensemble.ca\\\/fr\\\/event\\\/lancement-de-together-ottawa-ensemble\\\/\",\"name\":\"Lancement de Together Ottawa Ensemble - Together Ottawa Ensemble\",\"isPartOf\":{\"@id\":\"https:\\\/\\\/togetherottawaensemble.ca\\\/fr\\\/#website\"},\"primaryImageOfPage\":{\"@id\":\"https:\\\/\\\/togetherottawaensemble.ca\\\/fr\\\/event\\\/lancement-de-together-ottawa-ensemble\\\/#primaryimage\"},\"image\":{\"@id\":\"https:\\\/\\\/togetherottawaensemble.ca\\\/fr\\\/event\\\/lancement-de-together-ottawa-ensemble\\\/#primaryimage\"},\"thumbnailUrl\":\"https:\\\/\\\/togetherottawaensemble.ca\\\/wp-content\\\/uploads\\\/2022\\\/05\\\/Logo_TogetherOttawaEnsemble_RGB.jpg\",\"datePublished\":\"2022-05-27T20:48:44+00:00\",\"breadcrumb\":{\"@id\":\"https:\\\/\\\/togetherottawaensemble.ca\\\/fr\\\/event\\\/lancement-de-together-ottawa-ensemble\\\/#breadcrumb\"},\"inLanguage\":\"fr-FR\",\"potentialAction\":[{\"@type\":\"ReadAction\",\"target\":[\"https:\\\/\\\/togetherottawaensemble.ca\\\/fr\\\/event\\\/lancement-de-together-ottawa-ensemble\\\/\"]}]},{\"@type\":\"ImageObject\",\"inLanguage\":\"fr-FR\",\"@id\":\"https:\\\/\\\/togetherottawaensemble.ca\\\/fr\\\/event\\\/lancement-de-together-ottawa-ensemble\\\/#primaryimage\",\"url\":\"https:\\\/\\\/togetherottawaensemble.ca\\\/wp-content\\\/uploads\\\/2022\\\/05\\\/Logo_TogetherOttawaEnsemble_RGB.jpg\",\"contentUrl\":\"https:\\\/\\\/togetherottawaensemble.ca\\\/wp-content\\\/uploads\\\/2022\\\/05\\\/Logo_TogetherOttawaEnsemble_RGB.jpg\",\"width\":400,\"height\":200},{\"@type\":\"BreadcrumbList\",\"@id\":\"https:\\\/\\\/togetherottawaensemble.ca\\\/fr\\\/event\\\/lancement-de-together-ottawa-ensemble\\\/#breadcrumb\",\"itemListElement\":[{\"@type\":\"ListItem\",\"position\":1,\"name\":\"Home\",\"item\":\"https:\\\/\\\/togetherottawaensemble.ca\\\/fr\\\/\"},{\"@type\":\"ListItem\",\"position\":2,\"name\":\"\u00c9v\u00e8nements\",\"item\":\"https:\\\/\\\/togetherottawaensemble.ca\\\/fr\\\/evenements\\\/\"},{\"@type\":\"ListItem\",\"position\":3,\"name\":\"Lancement de Together Ottawa Ensemble\"}]},{\"@type\":\"WebSite\",\"@id\":\"https:\\\/\\\/togetherottawaensemble.ca\\\/fr\\\/#website\",\"url\":\"https:\\\/\\\/togetherottawaensemble.ca\\\/fr\\\/\",\"name\":\"Together Ottawa Ensemble\",\"description\":\"R\u00e9tablir nos liens communautaires\",\"publisher\":{\"@id\":\"https:\\\/\\\/togetherottawaensemble.ca\\\/fr\\\/#organization\"},\"potentialAction\":[{\"@type\":\"SearchAction\",\"target\":{\"@type\":\"EntryPoint\",\"urlTemplate\":\"https:\\\/\\\/togetherottawaensemble.ca\\\/fr\\\/?s={search_term_string}\"},\"query-input\":{\"@type\":\"PropertyValueSpecification\",\"valueRequired\":true,\"valueName\":\"search_term_string\"}}],\"inLanguage\":\"fr-FR\"},{\"@type\":\"Organization\",\"@id\":\"https:\\\/\\\/togetherottawaensemble.ca\\\/fr\\\/#organization\",\"name\":\"Together Ottawa Ensemble\",\"url\":\"https:\\\/\\\/togetherottawaensemble.ca\\\/fr\\\/\",\"logo\":{\"@type\":\"ImageObject\",\"inLanguage\":\"fr-FR\",\"@id\":\"https:\\\/\\\/togetherottawaensemble.ca\\\/fr\\\/#\\\/schema\\\/logo\\\/image\\\/\",\"url\":\"https:\\\/\\\/togetherottawaensemble.ca\\\/wp-content\\\/uploads\\\/2022\\\/04\\\/Logo_TogetherOttawaEnsemble_RGB.jpg\",\"contentUrl\":\"https:\\\/\\\/togetherottawaensemble.ca\\\/wp-content\\\/uploads\\\/2022\\\/04\\\/Logo_TogetherOttawaEnsemble_RGB.jpg\",\"width\":400,\"height\":200,\"caption\":\"Together Ottawa Ensemble\"},\"image\":{\"@id\":\"https:\\\/\\\/togetherottawaensemble.ca\\\/fr\\\/#\\\/schema\\\/logo\\\/image\\\/\"},\"sameAs\":[\"https:\\\/\\\/www.facebook.com\\\/Togetherottawaensemble-106424122008194\",\"https:\\\/\\\/x.com\\\/OttawaEnsemble\",\"https:\\\/\\\/www.instagram.com\\\/togetherottawaensemble\\\/\"]}]}<\/script>\n<!-- \/ Yoast SEO plugin. -->","yoast_head_json":{"title":"Lancement de Together Ottawa Ensemble - Together Ottawa Ensemble","robots":{"index":"index","follow":"follow","max-snippet":"max-snippet:-1","max-image-preview":"max-image-preview:large","max-video-preview":"max-video-preview:-1"},"canonical":"https:\/\/togetherottawaensemble.ca\/fr\/event\/lancement-de-together-ottawa-ensemble\/","og_locale":"fr_FR","og_type":"article","og_title":"Lancement de Together Ottawa Ensemble - Together Ottawa Ensemble","og_description":"Joignez-vous \u00e0 nous pour l&rsquo;\u00e9v\u00e9nement de lancement officiel de Together [&hellip;]","og_url":"https:\/\/togetherottawaensemble.ca\/fr\/event\/lancement-de-together-ottawa-ensemble\/","og_site_name":"Together Ottawa Ensemble","article_publisher":"https:\/\/www.facebook.com\/Togetherottawaensemble-106424122008194","og_image":[{"width":400,"height":200,"url":"https:\/\/togetherottawaensemble.ca\/wp-content\/uploads\/2022\/05\/Logo_TogetherOttawaEnsemble_RGB.jpg","type":"image\/jpeg"}],"twitter_card":"summary_large_image","twitter_site":"@OttawaEnsemble","twitter_misc":{"Dur\u00e9e de lecture estim\u00e9e":"1 minute"},"schema":{"@context":"https:\/\/schema.org","@graph":[{"@type":"WebPage","@id":"https:\/\/togetherottawaensemble.ca\/fr\/event\/lancement-de-together-ottawa-ensemble\/","url":"https:\/\/togetherottawaensemble.ca\/fr\/event\/lancement-de-together-ottawa-ensemble\/","name":"Lancement de Together Ottawa Ensemble - Together Ottawa Ensemble","isPartOf":{"@id":"https:\/\/togetherottawaensemble.ca\/fr\/#website"},"primaryImageOfPage":{"@id":"https:\/\/togetherottawaensemble.ca\/fr\/event\/lancement-de-together-ottawa-ensemble\/#primaryimage"},"image":{"@id":"https:\/\/togetherottawaensemble.ca\/fr\/event\/lancement-de-together-ottawa-ensemble\/#primaryimage"},"thumbnailUrl":"https:\/\/togetherottawaensemble.ca\/wp-content\/uploads\/2022\/05\/Logo_TogetherOttawaEnsemble_RGB.jpg","datePublished":"2022-05-27T20:48:44+00:00","breadcrumb":{"@id":"https:\/\/togetherottawaensemble.ca\/fr\/event\/lancement-de-together-ottawa-ensemble\/#breadcrumb"},"inLanguage":"fr-FR","potentialAction":[{"@type":"ReadAction","target":["https:\/\/togetherottawaensemble.ca\/fr\/event\/lancement-de-together-ottawa-ensemble\/"]}]},{"@type":"ImageObject","inLanguage":"fr-FR","@id":"https:\/\/togetherottawaensemble.ca\/fr\/event\/lancement-de-together-ottawa-ensemble\/#primaryimage","url":"https:\/\/togetherottawaensemble.ca\/wp-content\/uploads\/2022\/05\/Logo_TogetherOttawaEnsemble_RGB.jpg","contentUrl":"https:\/\/togetherottawaensemble.ca\/wp-content\/uploads\/2022\/05\/Logo_TogetherOttawaEnsemble_RGB.jpg","width":400,"height":200},{"@type":"BreadcrumbList","@id":"https:\/\/togetherottawaensemble.ca\/fr\/event\/lancement-de-together-ottawa-ensemble\/#breadcrumb","itemListElement":[{"@type":"ListItem","position":1,"name":"Home","item":"https:\/\/togetherottawaensemble.ca\/fr\/"},{"@type":"ListItem","position":2,"name":"\u00c9v\u00e8nements","item":"https:\/\/togetherottawaensemble.ca\/fr\/evenements\/"},{"@type":"ListItem","position":3,"name":"Lancement de Together Ottawa Ensemble"}]},{"@type":"WebSite","@id":"https:\/\/togetherottawaensemble.ca\/fr\/#website","url":"https:\/\/togetherottawaensemble.ca\/fr\/","name":"Together Ottawa Ensemble","description":"R\u00e9tablir nos liens communautaires","publisher":{"@id":"https:\/\/togetherottawaensemble.ca\/fr\/#organization"},"potentialAction":[{"@type":"SearchAction","target":{"@type":"EntryPoint","urlTemplate":"https:\/\/togetherottawaensemble.ca\/fr\/?s={search_term_string}"},"query-input":{"@type":"PropertyValueSpecification","valueRequired":true,"valueName":"search_term_string"}}],"inLanguage":"fr-FR"},{"@type":"Organization","@id":"https:\/\/togetherottawaensemble.ca\/fr\/#organization","name":"Together Ottawa Ensemble","url":"https:\/\/togetherottawaensemble.ca\/fr\/","logo":{"@type":"ImageObject","inLanguage":"fr-FR","@id":"https:\/\/togetherottawaensemble.ca\/fr\/#\/schema\/logo\/image\/","url":"https:\/\/togetherottawaensemble.ca\/wp-content\/uploads\/2022\/04\/Logo_TogetherOttawaEnsemble_RGB.jpg","contentUrl":"https:\/\/togetherottawaensemble.ca\/wp-content\/uploads\/2022\/04\/Logo_TogetherOttawaEnsemble_RGB.jpg","width":400,"height":200,"caption":"Together Ottawa Ensemble"},"image":{"@id":"https:\/\/togetherottawaensemble.ca\/fr\/#\/schema\/logo\/image\/"},"sameAs":["https:\/\/www.facebook.com\/Togetherottawaensemble-106424122008194","https:\/\/x.com\/OttawaEnsemble","https:\/\/www.instagram.com\/togetherottawaensemble\/"]}]}},"_links":{"self":[{"href":"https:\/\/togetherottawaensemble.ca\/fr\/wp-json\/wp\/v2\/tribe_events\/961","targetHints":{"allow":["GET"]}}],"collection":[{"href":"https:\/\/togetherottawaensemble.ca\/fr\/wp-json\/wp\/v2\/tribe_events"}],"about":[{"href":"https:\/\/togetherottawaensemble.ca\/fr\/wp-json\/wp\/v2\/types\/tribe_events"}],"author":[{"embeddable":true,"href":"https:\/\/togetherottawaensemble.ca\/fr\/wp-json\/wp\/v2\/users\/4"}],"version-history":[{"count":1,"href":"https:\/\/togetherottawaensemble.ca\/fr\/wp-json\/wp\/v2\/tribe_events\/961\/revisions"}],"predecessor-version":[{"id":962,"href":"https:\/\/togetherottawaensemble.ca\/fr\/wp-json\/wp\/v2\/tribe_events\/961\/revisions\/962"}],"wp:featuredmedia":[{"embeddable":true,"href":"https:\/\/togetherottawaensemble.ca\/fr\/wp-json\/wp\/v2\/media\/732"}],"wp:attachment":[{"href":"https:\/\/togetherottawaensemble.ca\/fr\/wp-json\/wp\/v2\/media?parent=961"}],"wp:term":[{"taxonomy":"post_tag","embeddable":true,"href":"https:\/\/togetherottawaensemble.ca\/fr\/wp-json\/wp\/v2\/tags?post=961"},{"taxonomy":"tribe_events_cat","embeddable":true,"href":"https:\/\/togetherottawaensemble.ca\/fr\/wp-json\/wp\/v2\/tribe_events_cat?post=961"}],"curies":[{"name":"wp","href":"https:\/\/api.w.org\/{rel}","templated":true}]}}

<p>Joignez-vous à nous pour l&rsquo;événement de lancement officiel de Together Ottawa Ensemble !</p>
<p>Tous les membres de la communauté sont invités à se joindre à nous lors de cet événement gratuit et bilingue pour partager un moment de silence à la mémoire de ceux que nous avons perdus, écouter les histoires personnelles de travailleurs de première ligne et d&rsquo;autres personnes profondément touchées par la pandémie, écouter de la musique en direct et déguster des plats fournis par Moo Shu Ice Cream et Chef Ric. Une cérémonie d&rsquo;accueil par un aîné autochtone sera également organisée, ainsi que des allocutions du maire Watson et du Dr Vera Etches.</p>
<p>Nous espérons vous voir à la salle Jean Pigott de l&rsquo;hôtel de ville d&rsquo;Ottawa le 11 juin !</p>

<p>Joignez-vous à nous pour l&rsquo;événement de lancement officiel de Together [&hellip;]</p>

<!-- This site is optimized with the Yoast SEO plugin v27.5 - https://yoast.com/product/yoast-seo-wordpress/ -->
<title>Lancement de Together Ottawa Ensemble - Together Ottawa Ensemble</title>
<meta name="robots" content="index, follow, max-snippet:-1, max-image-preview:large, max-video-preview:-1" />
<link rel="canonical" href="https://togetherottawaensemble.ca/fr/event/lancement-de-together-ottawa-ensemble/" />
<meta property="og:locale" content="fr_FR" />
<meta property="og:type" content="article" />
<meta property="og:title" content="Lancement de Together Ottawa Ensemble - Together Ottawa Ensemble" />
<meta property="og:description" content="Joignez-vous à nous pour l&rsquo;événement de lancement officiel de Together [&hellip;]" />
<meta property="og:url" content="https://togetherottawaensemble.ca/fr/event/lancement-de-together-ottawa-ensemble/" />
<meta property="og:site_name" content="Together Ottawa Ensemble" />
<meta property="article:publisher" content="https://www.facebook.com/Togetherottawaensemble-106424122008194" />
<meta property="og:image" content="https://togetherottawaensemble.ca/wp-content/uploads/2022/05/Logo_TogetherOttawaEnsemble_RGB.jpg" />
	<meta property="og:image:width" content="400" />
	<meta property="og:image:height" content="200" />
	<meta property="og:image:type" content="image/jpeg" />
<meta name="twitter:card" content="summary_large_image" />
<meta name="twitter:site" content="@OttawaEnsemble" />
<meta name="twitter:label1" content="Durée de lecture estimée" />
	<meta name="twitter:data1" content="1 minute" />
<script type="application/ld+json" class="yoast-schema-graph">{"@context":"https:\/\/schema.org","@graph":[{"@type":"WebPage","@id":"https:\/\/togetherottawaensemble.ca\/fr\/event\/lancement-de-together-ottawa-ensemble\/","url":"https:\/\/togetherottawaensemble.ca\/fr\/event\/lancement-de-together-ottawa-ensemble\/","name":"Lancement de Together Ottawa Ensemble - Together Ottawa Ensemble","isPartOf":{"@id":"https:\/\/togetherottawaensemble.ca\/fr\/#website"},"primaryImageOfPage":{"@id":"https:\/\/togetherottawaensemble.ca\/fr\/event\/lancement-de-together-ottawa-ensemble\/#primaryimage"},"image":{"@id":"https:\/\/togetherottawaensemble.ca\/fr\/event\/lancement-de-together-ottawa-ensemble\/#primaryimage"},"thumbnailUrl":"https:\/\/togetherottawaensemble.ca\/wp-content\/uploads\/2022\/05\/Logo_TogetherOttawaEnsemble_RGB.jpg","datePublished":"2022-05-27T20:48:44+00:00","breadcrumb":{"@id":"https:\/\/togetherottawaensemble.ca\/fr\/event\/lancement-de-together-ottawa-ensemble\/#breadcrumb"},"inLanguage":"fr-FR","potentialAction":[{"@type":"ReadAction","target":["https:\/\/togetherottawaensemble.ca\/fr\/event\/lancement-de-together-ottawa-ensemble\/"]}]},{"@type":"ImageObject","inLanguage":"fr-FR","@id":"https:\/\/togetherottawaensemble.ca\/fr\/event\/lancement-de-together-ottawa-ensemble\/#primaryimage","url":"https:\/\/togetherottawaensemble.ca\/wp-content\/uploads\/2022\/05\/Logo_TogetherOttawaEnsemble_RGB.jpg","contentUrl":"https:\/\/togetherottawaensemble.ca\/wp-content\/uploads\/2022\/05\/Logo_TogetherOttawaEnsemble_RGB.jpg","width":400,"height":200},{"@type":"BreadcrumbList","@id":"https:\/\/togetherottawaensemble.ca\/fr\/event\/lancement-de-together-ottawa-ensemble\/#breadcrumb","itemListElement":[{"@type":"ListItem","position":1,"name":"Home","item":"https:\/\/togetherottawaensemble.ca\/fr\/"},{"@type":"ListItem","position":2,"name":"Évènements","item":"https:\/\/togetherottawaensemble.ca\/fr\/evenements\/"},{"@type":"ListItem","position":3,"name":"Lancement de Together Ottawa Ensemble"}]},{"@type":"WebSite","@id":"https:\/\/togetherottawaensemble.ca\/fr\/#website","url":"https:\/\/togetherottawaensemble.ca\/fr\/","name":"Together Ottawa Ensemble","description":"Rétablir nos liens communautaires","publisher":{"@id":"https:\/\/togetherottawaensemble.ca\/fr\/#organization"},"potentialAction":[{"@type":"SearchAction","target":{"@type":"EntryPoint","urlTemplate":"https:\/\/togetherottawaensemble.ca\/fr\/?s={search_term_string}"},"query-input":{"@type":"PropertyValueSpecification","valueRequired":true,"valueName":"search_term_string"}}],"inLanguage":"fr-FR"},{"@type":"Organization","@id":"https:\/\/togetherottawaensemble.ca\/fr\/#organization","name":"Together Ottawa Ensemble","url":"https:\/\/togetherottawaensemble.ca\/fr\/","logo":{"@type":"ImageObject","inLanguage":"fr-FR","@id":"https:\/\/togetherottawaensemble.ca\/fr\/#\/schema\/logo\/image\/","url":"https:\/\/togetherottawaensemble.ca\/wp-content\/uploads\/2022\/04\/Logo_TogetherOttawaEnsemble_RGB.jpg","contentUrl":"https:\/\/togetherottawaensemble.ca\/wp-content\/uploads\/2022\/04\/Logo_TogetherOttawaEnsemble_RGB.jpg","width":400,"height":200,"caption":"Together Ottawa Ensemble"},"image":{"@id":"https:\/\/togetherottawaensemble.ca\/fr\/#\/schema\/logo\/image\/"},"sameAs":["https:\/\/www.facebook.com\/Togetherottawaensemble-106424122008194","https:\/\/x.com\/OttawaEnsemble","https:\/\/www.instagram.com\/togetherottawaensemble\/"]}]}</script>
<!-- / Yoast SEO plugin. -->

Joignez-vous à nous pour l&rsquo;événement de lancement officiel de Together [&hellip;]

Évènements

Rétablir nos liens communautaires
